h) = h**2 - 3*h - 12. Let z be j(-6). Calculate the highest common factor of z and 147.
21
Suppose 0 = 5*n + 3*z - 87 - 408, 0 = 3*n - z - 283. What is the highest common divisor of n and 6?
6
Let i = 185 - 145. Calculate the highest common factor of i and 25.
5
Let l(t) = 3*t**2 - t - 4. Let c be l(2). Let o be (-2)/c + 2/12*74. Calculate the highest common factor of 12 and o.
12
Suppose -2*c + 39 = 11*c. Suppose -5 - 3 = -m - 4*q, 4*q = -5*m + 56. What is the greatest common divisor of c and m?
3
Let p be -1 + -1 + -5 + (163 - -4). What is the highest common factor of p and 120?
40
Let l be (-513)/(-84)*4 - 9/21. Suppose 4*k - 6*k = -384. What is the greatest common factor of l and k?
24
Let g be 3 + 2 + -4 - -9. Let z be ((-6)/g)/((-6)/20). What is the greatest common divisor of z and 3?
1
Suppose 316*r + 1386 = 327*r. Calculate the greatest common divisor of 315 and r.
63
Let m = 46 - 38. Let j = 30 - m. What is the highest common divisor of j and 11?
11
Let s(b) = 160*b - 4. Let v be s(1). Calculate the greatest common factor of v and 48.
12
Let b(o) = -o**3 - 6*o**2 - 4*o + 15. Let z be b(-6). Suppose -104 = -4*k + 3*j, -51 + 155 = 4*k - 2*j. What is the greatest common factor of k and z?
13
Let w(l) = -10*l - 14*l**3 + 26*l**3 - 11*l**3 - 12*l**2 - 6 + 0*l**2. Let c be w(13). Calculate the highest common factor of c and 3.
3
Let l = -4 - -7. Let z = -4796 + 4817. What is the greatest common divisor of z and l?
3
Let t(m) = m**2 - 10*m - 11. Let i be t(11). Suppose 5*a - 7*a + 78 = i. Calculate the highest common divisor of a and 26.
13
Let s = -64 - 31. Let z be s/(-38)*(-8)/(-5). Suppose 14*c - 15*c + z = 0. Calculate the highest common factor of 10 and c.
2
Let p = 19 - 19. Suppose -4*o + 3*o + 128 = p. Let v be (-3 - (-2 + 1)) + o. What is the greatest common factor of v and 14?
14
Let c = -34 + 38. Let q be -8*(c - (-1 + 6)). What is the greatest common factor of q and 40?
8
Let k = 245 - 221. Let x(z) = -8 - z**2 - 15*z + 4 - 10. Let n be x(-10). Calculate the highest common factor of k and n.
12
Let h = 58 - 65. Let m(g) = g**2 + 8*g + 13. Let a be m(h). Calculate the greatest common factor of 2 and a.
2
Suppose -5*b + l - 45 = -8*b, -b + 5*l = -15. Let q(m) = -16*m**3 - 2*m**2 - m - 2. Let n be q(-2). What is the greatest common divisor of n and b?
15
Let d(s) = -s**3 - 11*s**2 - 8*s + 22. Let i be d(-10). Suppose -i*r - 5*g = -25, -4*r - r - 2*g + 94 = 0. Calculate the highest common divisor of 12 and r.
4
Suppose -60*z = -19*z - 31775. What is the highest common divisor of z and 75?
25
Suppose -c + 22 + 8 = 5*m, -2*c + 5*m = -15. Let o = 21 - c. What is the highest common factor of o and 15?
3
Suppose 3*x - 9 = -3*q + 9, q = 5*x - 12. Let j be 8/(-2) - (-4)/2. Let p be 2 - q*j/(-6). Calculate the highest common factor of 1 and p.
1
Suppose 0 = m + 4 - 10. Let l be m/(-24) - 26/(-8). What is the greatest common factor of 24 and l?
3
Let g(a) = -a**3 - a**2 + 4*a + 5. Let u be g(-2). Let w be (9/(-15) + u)/((-2)/(-20)). Calculate the greatest common divisor of w and 20.
4
Suppose -k = 0, 0*h - 2*h - 5*k + 360 = 0. Suppose -2*t = -5*t + 216. What is the greatest common divisor of h and t?
36
Let x = -1296 - -1307. What is the highest common factor of 1133 and x?
11
Suppose -g + 1379 = 3*f, 2*f - 2*g + 1378 = 5*f. Calculate the highest common factor of 20 and f.
20
Let x(k) be the first derivative of -k**3/3 - 5*k**2/2 + 7*k - 4. Let u be x(-6). Let b = u - -5. What is the highest common divisor of 18 and b?
6
Suppose -5*w - 5 + 30 = 0. Suppose 5*k - 20 = -4*t + 44, -k - w*t + 17 = 0. Let q be (-15)/k*(-20)/5. Calculate the greatest common divisor of q and 15.
5
Let g be -2 + 5*2 + -1. Let v be 59451/298*6/9. Calculate the highest common factor of v and g.
7
Suppose -28*z + 24*z = 2*l - 186, -103 = -2*z + l. Calculate the greatest common factor of z and 49.
49
Let k(d) = 49*d + 1772. Let f be k(-36). Let y be (1*-4)/(2/(-64)). What is the highest common divisor of y and f?
8
Let b = 3309 - 1912. What is the highest common factor of 127 and b?
127
Let u = 4 + 47. Suppose 5*a + 3*f - 562 - u = 0, 4 = -f. What is the greatest common factor of 50 and a?
25
Let b(u) = -u**3 + 3*u**2 - 4*u + 2. Let o be b(4). Let f be (-1218)/o - (-2)/5. Let x = -23 + f. What is the highest common divisor of 162 and x?
18
Let g be 2 + 2 + 5 - 1. Let h(l) = -l**2 + 11*l - 19. Let w be h(g). Calculate the highest common factor of 40 and w.
5
Suppose -3*g = 73 + 164. Let c = -33 - g. What is the highest common divisor of 23 and c?
23
Let y(v) = 27*v + 213. Let n be y(-7). Calculate the greatest common divisor of 72 and n.
24
Let q = 581 - 405. What is the highest common factor of q and 16?
16
Suppose 2*i = 138 + 432. Let a = 54 + -179. Let j = i + a. What is the greatest common divisor of j and 20?
20
Let i(c) = -14*c + 392. Let h be i(24). Suppose 0 = 3*w - 4*v - 436, w - 4*w = 3*v - 408. Calculate the greatest common factor of h and w.
28
Let r be (-6)/(-9) - 16/24*-5. Suppose 130 + 195 = -3*x + i, -3*x - 345 = 3*i. Let n be 1/2 + x/(-4). What is the highest common divisor of n and r?
4
Let p be -26*8/(-12)*3. Calculate the greatest common divisor of 676 and p.
52
Let y be ((-460)/25 + 10)/((-6)/15). What is the greatest common divisor of 1701 and y?
21
Let v be (-6 + 3)*(21 + -48). Let n(o) = -o**3 - 6*o**2 - 8*o - 6. Let l be n(-5). What is the greatest common divisor of v and l?
9
Suppose 22*f + 288 = 24*f. Calculate the greatest common factor of f and 96.
48
Let b be 1113/70 + (-6)/(-60). Calculate the greatest common divisor of 192 and b.
16
Let i(o) = -o**3 + 10*o**2 + 3*o + 2. Let l = -25 - -21. Let y be ((-9)/(-2))/((-2)/l). Let z be i(y). What is the greatest common divisor of z and 10?
10
Suppose -30*z + 37 + 53 = 0. Let m(x) = 19*x - 1. Let i be m(4). Calculate the highest common divisor of i and z.
3
Suppose 27*j + 720 = 67*j. Calculate the highest common factor of 117 and j.
9
Let p(a) = a**3 + a**2 + 4. Let u be p(5). Suppose 0 + 2 = r. Suppose 2*y - 50 = -r*l, 0 = y - 3. What is the greatest common factor of u and l?
22
Suppose 27*w - 5 = 22*w. Suppose -4*y + 31 = -w. Suppose 3*p = -0 + 3. Calculate the greatest common factor of p and y.
1
Suppose 46 = 2*z + 2*v, 0 = 4*z + 6*v - 5*v - 77. Calculate the highest common factor of z and 90.
18
Let i = 102 - 98. Let s be (1152/20)/4 + i/(-10). Let y(q) = -6*q + 8. Let b be y(-8). What is the greatest common divisor of s and b?
14
Let y(r) = 22*r - 3. Let o be y(1). Suppose -9*t - 1960 = -o*t. Let j be (-168)/20*(-10)/3. What is the highest common divisor of t and j?
28
Suppose 4*y + l + 3*l = 8, -16 = -2*y + l. Suppose 120 = 6*i - 2*i. What is the highest common divisor of y and i?
6
Let m = 8 - -8. Let n(j) = 12*j + 38. Let q be n(-3). What is the greatest common divisor of m and q?
2
Suppose -9637 = -8*r - 2757. Calculate the highest common factor of 20 and r.
20
Suppose 9837 = 70*y + 877. What is the highest common divisor of 24 and y?
8
Suppose 2*h = 5*g + 86 + 48, h - g = 70. Calculate the highest common divisor of 280 and h.
8
Let n = 41 - -119. Calculate the greatest common factor of n and 120.
40
Let f be 1 - (-4)/(5 - 6/2). Let x(c) = -c**2 + c + 1. Let o be x(0). Calculate the highest common divisor of f and o.
1
Let p(g) be the second derivative of 5*g**3/6 - 11*g**2 - 17*g. Let n be p(7). What is the greatest common divisor of 52 and n?
13
Suppose 95*h - 89*h = 318. What is the greatest common factor of h and 477?
53
Let k = -82 + 84. Suppose 7*y - 450 = k*y. What is the greatest common factor of 225 and y?
45
Suppose 6*u - 4*u - 38 = -2*t, -3*t + 5*u + 25 = 0. Let c be (-3)/(284/(-140) + 2). What is the greatest common divisor of t and c?
15
Let y = 0 + 6. Let i = y + 1. Let q be i/(21/(-12))*-14. Calculate the greatest common factor of 8 and q.
8
Suppose -3*p + 5*p = 4*j - 36, 14 = 2*j - 3*p. Let i(m) = -m + 50. Let o = -4 + 4. Let c be i(o). What is the greatest common factor of c and j?
10
Let z(w) = -46*w + 3061. Let q be z(66). Suppose -3*k + 100 = 2*k. Calculate the greatest common factor of q and k.
5
Let f be 2*(228/8 - -7 - 5). Calculate the greatest common factor of f and 61.
61
Let m be (-39 + -1)/(-2)*2. Suppose -46 = -5*n + 5*p + 19, 4*n + 3*p = 73. Let w(d) = -d +